igit of v(-2)?
2
Let m(t) = 2*t**2 - 4*t - 3. Let j be m(6). Let v(h) = -7*h + 6. Let p be v(4). Let k = p + j. What is the tens digit of k?
2
Let b = 148 - -1337. What is the tens digit of b?
8
Suppose -f + 45 = -32. Suppose 5 = -5*g, g - 39 = -z + f. Suppose 3*l - 21 - z = 3*d, -234 = -5*l + d. What is the tens digit of l?
4
Let z = 211 + -23. Suppose -z = -4*k + 28. What is the units digit of k?
4
Let g(u) = 12*u - 21. Let o be g(14). Suppose b - 5*b + 3*t = -136, 0 = 5*b + 2*t - o. What is the units digit of b?
1
Let j = 5507 - 3845. What is the tens digit of j?
6
Let a(k) = -k**2 + 11*k - 9. Let x be a(10). Suppose 9 = 2*q - p + x, -3*p - 9 = -q. What is the units digit of q?
3
Let q(u) = 1 - 2 - 2 + 0*u + u. What is the units digit of q(7)?
4
Let g = 339 + -81. What is the tens digit of g?
5
Let o = -4 + 2. Let b be (2 + -102)/o + 3. Suppose 3*k - 63 = -4*r, 3*r + 2 - b = -k. What is the tens digit of r?
1
Suppose 0 = 3*w - 4*v + 13, 0*v - 7 = 5*w - 3*v. Let h(c) = -1 + c + 3 + 2 - w. What is the units digit of h(-2)?
1
Let f = 13 + -9. Suppose 22 = -0*j + 2*j + f*d, d - 7 = -j. What is the units digit of (j - 43/(-4))*4?
5
Let r(m) = -m**2 - 15*m + 5. Suppose -1 = -2*i - 4*h - 9, -5*h = 10. Let z = i - 14. What is the units digit of r(z)?
9
Suppose -f + 5*s + 319 = 0, 25*f + 5*s - 668 = 23*f. What is the units digit of f?
9
Suppose 2634 + 4830 = 6*g. What is the hundreds digit of g?
2
Let h = -283 - -867. What is the units digit of h?
4
Suppose 78 = 3*z + 24. Suppose -3*x - 2*f - z = 0, x - f - f = 2. What is the units digit of (-8)/(-2) - (3 + x)?
5
Let j = -477 - -1190. What is the tens digit of j?
1
Let d(y) = -y**3 + 6*y + 5. Let i be d(-3). Let x be ((-4)/i)/((-5)/35). Suppose -2*b - x*b + 152 = 0. What is the tens digit of b?
3
Suppose 8*a - 2378 + 82 = 0. What is the hundreds digit of a?
2
Let g = -490 - -1311. What is the hundreds digit of g?
8
Suppose 2*p + 4*k + 0*k = -8, -2*p + 3*k + 20 = 0. Suppose r + 5*o = 82, -5*r + 436 = 3*o - p*o. What is the units digit of r?
7
Suppose -8 = -2*a - 2*p, 0*a - 2*a + 3*p = 2. Suppose 4*n - 94 = a*n. What is the units digit of n?
7
What is the units digit of 12/2 - (12 + -151)?
5
Let b(a) = 212*a - 186. What is the hundreds digit of b(5)?
8
Suppose m + 22 = 3*v, 0 = -m - m - 3*v + 1. Let t = 14 + m. Suppose -3 = -w + t. What is the units digit of w?
0
Let i(h) = -h**2 + 3*h + 1. Let b be i(2). Let j(u) = 18*u + 7. What is the tens digit of j(b)?
6
Let l be -1*3*(-9 - -4). Suppose -69 = -4*m + l. What is the tens digit of m?
2
Let q be 16*(7 + -3 + -2). Let o = 136 - q. What is the units digit of o?
4
Suppose 8*o + 328 = -544. Let i = o - -157. What is the units digit of i?
8
Let i = 9 + -13. Let o = -4 - i. What is the units digit of (-3 + o)/(5/(-15))?
9
Let d be (-20)/((-30)/18*(-2)/(-5)). Suppose -3*j + d = -0*j. What is the units digit of j?
0
Let a(g) be the second derivative of 0 - 9/2*g**2 + 2*g**3 - 1/12*g**4 - 3*g. What is the units digit of a(9)?
8
Let p(y) = 34*y + 1. What is the tens digit of p(12)?
0
Let j(l) be the third derivative of 5*l**5/12 + l**4/8 - 7*l**3/6 - 3*l**2. Let d be j(3). Suppose -4*h - 47 = -d. What is the units digit of h?
5
Suppose -23198 = 531*a - 538*a. What is the thousands digit of a?
3
Let y(r) = -8*r**3 - 6*r**2 + 16*r + 20. What is the tens digit of y(-7)?
5
Let l(p) = 2*p**3 + 2*p**2 + 7*p + 6. What is the tens digit of l(5)?
4
Suppose -2*z + 48 = -0*z. Let m = z - 20. What is the units digit of m?
4
What is the tens digit of (16 - 6992/57)*9/(-2)?
8
Let t = -435 - -471. What is the units digit of t?
6
Let s(a) = 2*a + a - 11*a + 13 - a**2 - 7*a. What is the tens digit of s(-11)?
5
Let o(j) be the first derivative of j**3/3 - 3*j**2 + 8*j - 1. Suppose -2*a + 21 = -4*u - 15, a - 26 = 4*u. What is the units digit of o(a)?
8
Suppose 3*k - k + 4*z = 32, 2*z + 24 = 4*k. Let d(t) = t**2 - 7. What is the units digit of d(k)?
7
Suppose -5*r = 5*f - 4*r - 1529, 2 = -2*r. What is the units digit of f?
6
Let k be -4 + (7/(0 + 1) - -1). What is the tens digit of k/(-14) - (6 + 2440/(-14))?
6
Let r(b) be the first derivative of 4*b**2 - b + 100. Suppose -2*w - 8 = 4*u, -5*w + 4 = 4*u - 0*u. What is the tens digit of r(w)?
3
Let m(p) = -p + 18. Let c = -20 - -33. Let i be m(c). Let u = i + 19. What is the tens digit of u?
2
Suppose -9*c + 4*c + 2255 = 0. What is the units digit of c?
1
Let u = -1853 + 5317. What is the units digit of u?
4
Suppose -5*j + 757 - 162 = 5*x, 4*x - j = 466. Suppose -f - 7 = -4, -2*w = f - x. What is the units digit of w?
0
Let h be (-1)/(-4) + 567/4. Let i(u) = -35*u - 153. Let t be i(-5). Suppose 4*a = h - t. What is the tens digit of a?
3
What is the tens digit of 11/(22/1028) - -4?
1
Suppose -5*j - 4*x + 2566 = 0, 0 = -4*x + 16. Suppose 0 = -4*g + 2*g + j. What is the hundreds digit of g?
2
Let q(o) = 22*o - 30. Let x be q(12). Suppose 6*b - 216 = x. What is the units digit of b?
5
Suppose -4*t + p + 5 = -64, 5*t + 3*p - 65 = 0. What is the units digit of 9075/88 + (-2)/t?
3
Let k(c) = 3 + 0 - 5 + c. Let y(l) = -8*l + 24. Let u be y(2). What is the units digit of k(u)?
6
Suppose 10*y - 4*y = 6744. What is the thousands digit of y?
1
Let x(v) = -9*v + 21. Let b be x(2). Suppose -b*y + 5 = 4*i - 726, -4*i - 691 = -3*y. What is the tens digit of y?
3
Let w = 1366 - 720. Suppose 1132 = 7*y - w. What is the units digit of y?
4
Suppose -3*c = 8 + 10. Suppose -4*m + 18 = -38. Let z = m - c. What is the tens digit of z?
2
Suppose -30*w + 61870 = -89750. What is the tens digit of w?
5
Suppose -4*k + 2230 = -2834. What is the units digit of k?
6
Suppose 11*f - 43 - 1 = 0. Suppose -p - 212 = -b - f*p, 5*b - 1096 = -3*p. What is the hundreds digit of b?
2
Let u = -48 + 48. Suppose u*k - 396 = -2*k. What is the tens digit of k?
9
Suppose 10*u - 9*u - 5 = 0. Let v = 41 - u. What is the units digit of v?
6
Suppose 0 = 9*g - 2*g - 49. Suppose 2*o + 2*o = 16, -4*q = o - 432. Suppose -g*v = -3*v - 3*l - 79, -5*v = -l - q. What is the tens digit of v?
2
Let t(x) = x**2 + 14*x + 2. Let w be t(-14). Suppose 4 - w = f. Suppose -68 = f*d - 4*d. What is the tens digit of d?
3
Suppose -g + 6 = -4*g. What is the tens digit of 1*g - 273/(-13)?
1
Let x = -5 - -11. Suppose 436 = x*s + 34. What is the tens digit of s?
6
Let i = 3175 - 2252. What is the hundreds digit of i?
9
Suppose 2*p = -3*h + 1187, -4*h - 4*p + 1556 = -8*p. What is the tens digit of h?
9
Suppose 0 = 5*c - 44 - 76. Let g = c + -24. Suppose z - y - 56 = g, -y = y. What is the units digit of z?
6
What is the hundreds digit of (4/4)/((-2)/(-2130))?
0
Let q(l) = -4*l**3 + 3*l**2 + 10*l - 3. What is the tens digit of q(-4)?
6
Let i = -4097 - -7244. What is the units digit of i?
7
Suppose 5838 = -w + 15*w. What is the units digit of w?
7
What is the tens digit of ((-1)/2)/((-16)/30752)?
6
Let u(q) = 154*q - 10. What is the tens digit of u(5)?
6
Let a be (-28)/(-3) + 8/18*-3. Suppose -17*k + 144 = -a*k. What is the tens digit of k?
1
Suppose 3*y - 599 = 385. Let m = y - 147. Suppose -5*i + m = -3*a, a = -3*i - a + 101. What is the units digit of i?
5
Let o = -1287 - -2071. What is the units digit of o?
4
What is the hundreds digit of (14/4)/((-5)/(-1910))?
3
Suppose 2*q + 4*u - 58 = 0, -4*q - u = 3*u - 100. Let a be -1*(1 - 2) + 3. Suppose -t = -a*t + q. What is the units digit of t?
7
Suppose 5*f - 267 = f + a, f - 73 = -a. Let y = 123 - f. Suppose -5*t - y = -2*j, -j - t + 143 = 3*j. What is the units digit of j?
5
Suppose 313*q - 4364 = 309*q. What is the tens digit of q?
9
Suppose 0 = 6*u - 5*u - 6. Suppose u*s = -9*s + 2565. What is the tens digit of s?
7
What is the hundreds digit of (1 + 4)/5 - -1152?
1
Let y be 331 - 0 - 0/(1 - 0). Suppose 467 = 3*w - y. What is the units digit of w?
6
Suppose 11*v - 11 = -0*v. Let d(p) = 138*p - 5. What is the units digit of d(v)?
3
Let t(n) = -n**3 + 10*n**2 + 11. Let k be (30/(-8))/((-12)/128*4). What is the tens digit of t(k)?
1
Suppose 3*a + 6 = g, 0 = -5*g - 5*a - 6 - 4. Suppose 2*d - 2*m - 14 = 0, 0*d - 2*m - 11 = -d. Suppose -3*q + g = -d. What is the units digit of q?
1
Let x = -76 - -114. What is the tens digit of ((-4731)/x)/(-2 + (-3)/(-2))?
4
Let u = 3 + -5. Let r = u - -6. Suppose -2*x = -r*c - 50, 5*x + c - 44 - 81 = 0. What is the units 